isor of 34 and 1632?
34
Calculate the highest common factor of 720 and 80.
80
Calculate the highest common factor of 615 and 15.
15
What is the greatest common factor of 7 and 217?
7
Calculate the greatest common factor of 183 and 186.
3
What is the greatest common divisor of 46 and 115?
23
What is the greatest common factor of 13 and 65?
13
What is the highest common divisor of 380 and 76?
76
What is the highest common factor of 855 and 1235?
95
Calculate the highest common factor of 138 and 162.
6
Calculate the greatest common factor of 40 and 1480.
40
What is the greatest common factor of 52 and 1040?
52
Calculate the greatest common factor of 10 and 970.
10
What is the highest common divisor of 161 and 350?
7
What is the greatest common factor of 71035 and 5?
5
What is the highest common divisor of 1309 and 238?
119
Calculate the greatest common factor of 594 and 864.
54
What is the highest common factor of 22090 and 30?
10
What is the highest common factor of 345 and 5980?
115
Calculate the highest common divisor of 2073 and 12.
3
Calculate the greatest common factor of 486 and 189.
27
What is the highest common factor of 30 and 390?
30
What is the greatest common divisor of 14599 and 39?
13
Calculate the greatest common factor of 150 and 240.
30
Calculate the greatest common factor of 30 and 30.
30
Calculate the greatest common divisor of 7 and 168.
7
What is the greatest common factor of 54 and 486?
54
Calculate the highest common factor of 3266 and 46.
46
Calculate the greatest common factor of 2680 and 360.
40
What is the highest common divisor of 11 and 4169?
11
What is the greatest common divisor of 413 and 295?
59
What is the highest common divisor of 2812 and 76?
76
Calculate the greatest common factor of 66 and 2046.
66
What is the greatest common divisor of 477 and 689?
53
What is the greatest common factor of 282 and 180?
6
Calculate the highest common factor of 24 and 52872.
24
What is the greatest common factor of 240 and 16?
16
Calculate the greatest common factor of 2622 and 6.
6
Calculate the highest common divisor of 3000 and 24.
24
Calculate the greatest common factor of 249 and 415.
83
What is the greatest common factor of 128 and 96?
32
Calculate the highest common factor of 124 and 19344.
124
Calculate the greatest common factor of 1501 and 19.
19
What is the highest common divisor of 393 and 12?
3
Calculate the highest common divisor of 29 and 551.
29
What is the greatest common divisor of 4 and 54?
2
What is the highest common divisor of 903 and 3741?
129
What is the highest common factor of 16 and 74?
2
What is the greatest common divisor of 39 and 3?
3
What is the greatest common factor of 66 and 55?
11
What is the highest common factor of 18 and 6282?
18
Calculate the highest common factor of 891 and 198.
99
Calculate the greatest common divisor of 302 and 4.
2
Calculate the greatest common factor of 2136 and 24.
24
What is the greatest common divisor of 87 and 435?
87
What is the highest common divisor of 262 and 46?
2
What is the highest common divisor of 175 and 38150?
175
What is the greatest common factor of 120 and 2780?
20
What is the greatest common factor of 112 and 84?
28
What is the greatest common divisor of 17 and 289?
17
Calculate the highest common factor of 144 and 496.
16
What is the highest common factor of 305 and 10?
5
Calculate the highest common divisor of 228 and 76.
76
What is the greatest common factor of 38 and 4?
2
What is the greatest common factor of 7 and 20419?
7
What is the greatest common divisor of 5235 and 15?
15
What is the greatest common divisor of 162 and 2187?
81
What is the greatest common factor of 198 and 44?
22
Calculate the highest common factor of 345 and 105.
15
Calculate the greatest common factor of 420 and 240.
60
What is the greatest common factor of 3064 and 8?
8
Calculate the greatest common divisor of 220 and 400.
20
Calculate the greatest common divisor of 2140 and 20.
20
Calculate the highest common factor of 324 and 1908.
36
What is the greatest common factor of 7670 and 39?
13
What is the greatest common factor of 868 and 24955?
217
What is the highest common factor of 374 and 68?
34
Calculate the highest common factor of 63 and 144.
9
Calculate the highest common factor of 100 and 3900.
100
What is the greatest common divisor of 2712 and 8?
8
Calculate the highest common divisor of 8 and 140.
4
Calculate the greatest common factor of 2970 and 54.
54
What is the highest common divisor of 1000 and 32?
8
Calculate the highest common factor of 24 and 1312.
8
What is the highest common divisor of 990 and 9?
9
What is the highest common divisor of 3247 and 1719?
191
What is the highest common factor of 8 and 110?
2
Calculate the highest common divisor of 13932 and 12.
12
Calculate the greatest common divisor of 15 and 375.
15
Calculate the highest common factor of 12 and 4908.
12
What is the highest common divisor of 203 and 116?
29
Calculate the greatest common factor of 123 and 205.
41
Calculate the highest common divisor of 76 and 4.
4
Calculate the highest common factor of 1752 and 24.
24
What is the highest common factor of 12332 and 4?
4
What is the highest common factor of 2166 and 5928?
114
What is the highest common factor of 6498 and 228?
114
Calculate the greatest common factor of 779 and 861.
41
What is the highest common factor of 45 and 2700?
45
What is the highest common divisor of 8 and 32?
8
Calculate the highest common divisor of 20 and 10.
10
Calculate the greatest common divisor of 539 and 11.
11
What is the highest common divisor of 1106 and 14?
14
What is the highest common divisor of 8 and 43704?
8
Calculate the highest common factor of 150 and 60.
30
Calculate the greatest common factor of 35 and 56.
7
What is the highest common factor of 468 and 36?
36
What is the highest common factor of 15 and 480?
15
What is the highest common factor of 30 and 60?
30
Calculate the greatest common factor of 320 and 3760.
80
What is the greatest common factor of 5 and 45?
5
What is the highest common factor of 380 and 950?
190
Calculate the greatest common divisor of 20 and 12940.
20
Calculate the greatest common divisor of 24 and 664.
8
What is the highest common factor of 234 and 1664?
26
Calculate the greatest common divisor of 448 and 42.
14
Calculate the greatest common divisor of 768 and 1216.
64
Calculate the greatest common divisor of 9 and 1233.
9
What is the highest common factor of 136 and 476?
68
What is the greatest common divisor of 334 and 10187?
167
Calculate the highest common factor of 38 and 6764.
38
What is the greatest common factor of 3483 and 27?
27
Calculate the highest common factor of 5502 and 42.
42
Calculate the highest common factor of 232 and 16.
8
Calculate the greatest common factor of 3 and 447.
3
What is the greatest common divisor of 637 and 17381?
91
What is the greatest common factor of 81 and 2187?
81
What is the greatest common divisor of 48 and 300?
12
What is the greatest common divisor of 7257 and 236?
59
What is the greatest common divisor of 204 and 4?
4
Calculate the greatest common divisor of 136 and 16.
8
What is the greatest common divisor of 8675 and 25?
25
Calculate the highest common divisor of 21233 and 51.
17
What is the highest common factor of 285 and 2175?
15
What is the greatest common factor of 330 and 5?
5
Calculate the highest common divisor of 351 and 5031.
117
What is the greatest common factor of 14 and 46?
2
What is the highest common divisor of 250 and 20?
10
What is the highest common factor of 2400 and 24?
24
Calculate the greatest common factor of 208 and 64.
16
Calculate the highest common factor of 134 and 335.
67
What is the greatest common divisor of 14 and 658?
14
What is the highest common divisor of 1003 and 177?
59
What is the highest common factor of 423 and 2632?
47
What is the highest common factor of 44 and 3498?
22
What is the greatest common factor of 1984 and 128?
64
What is the highest common divisor of 10142 and 22?
22
What is the greatest common factor of 78 and 6?
6
Calculate the highest common divisor of 196 and 1400.
28
What is the greatest common factor of 20 and 32?
4
Calculate the greatest common factor of 26 and 11414.
26
What is the highest common factor 